test common factor of 894452 and 4532.
412
What is the greatest common divisor of 20171 and 49?
1
What is the highest common divisor of 119680 and 2332?
44
What is the highest common factor of 54 and 138492?
18
What is the greatest common factor of 118 and 276769?
59
Calculate the greatest common divisor of 2961 and 10528.
329
Calculate the greatest common factor of 1104 and 273056.
368
Calculate the greatest common divisor of 6120 and 4114.
34
What is the highest common divisor of 15 and 10367835?
15
What is the highest common divisor of 42 and 675626?
14
Calculate the highest common factor of 163604 and 56.
28
What is the highest common factor of 38556 and 251328?
1428
Calculate the greatest common divisor of 757 and 924297.
757
Calculate the greatest common factor of 117 and 100867.
13
Calculate the highest common factor of 200 and 225850.
50
What is the greatest common factor of 96813 and 221733?
3123
What is the highest common factor of 596 and 6377796?
596
What is the greatest common factor of 334450 and 650?
50
Calculate the greatest common factor of 517 and 1177.
11
What is the highest common divisor of 6784 and 8586?
106
Calculate the greatest common divisor of 21 and 47649.
21
What is the greatest common divisor of 53125 and 391?
17
Calculate the greatest common divisor of 65 and 11750.
5
Calculate the highest common divisor of 7032 and 56.
8
Calculate the greatest common divisor of 12506 and 20646.
74
Calculate the highest common factor of 21879 and 1365.
39
Calculate the highest common factor of 1123945 and 285.
95
What is the greatest common factor of 162 and 18306?
162
What is the greatest common divisor of 30969 and 12960?
27
Calculate the highest common factor of 346 and 2318546.
346
What is the greatest common divisor of 76678 and 14?
14
Calculate the greatest common divisor of 258 and 148737.
129
Calculate the greatest common divisor of 45355 and 235.
235
What is the highest common factor of 7 and 6030031?
7
What is the greatest common divisor of 112 and 29?
1
What is the highest common factor of 5461 and 688?
43
Calculate the highest common factor of 1050 and 22710.
30
Calculate the highest common divisor of 15016 and 36.
4
What is the highest common divisor of 2121 and 2323?
101
What is the greatest common factor of 15472 and 39647?
967
What is the greatest common factor of 45450 and 10?
10
What is the greatest common divisor of 16720 and 285?
95
What is the highest common factor of 19 and 46265?
19
What is the greatest common divisor of 3930 and 882?
6
What is the highest common divisor of 109250 and 7360?
230
Calculate the greatest common divisor of 68 and 180404.
68
What is the greatest common divisor of 2236 and 884?
52
What is the highest common factor of 973386 and 306?
306
Calculate the greatest common factor of 589980 and 15.
15
What is the greatest common divisor of 1577 and 160273?
83
Calculate the highest common factor of 63209 and 496.
31
What is the greatest common factor of 668 and 76486?
334
What is the greatest common divisor of 2625 and 10542?
21
Calculate the highest common factor of 1550 and 682.
62
Calculate the highest common factor of 23760 and 810.
270
Calculate the highest common divisor of 48730 and 186946.
886
Calculate the highest common factor of 5396325 and 45.
15
What is the greatest common factor of 425 and 126990?
85
Calculate the highest common factor of 2118945 and 60.
15
What is the greatest common factor of 1138516 and 379?
379
What is the greatest common divisor of 743490 and 22?
22
Calculate the greatest common factor of 5405 and 705.
235
What is the greatest common factor of 50882 and 1442?
206
Calculate the greatest common divisor of 212371 and 53.
53
What is the highest common divisor of 4857521 and 57?
19
Calculate the highest common divisor of 11 and 266167.
11
What is the greatest common factor of 29746 and 278?
278
Calculate the greatest common factor of 185220 and 84.
84
What is the greatest common factor of 93519 and 234?
9
What is the highest common divisor of 124514 and 1950?
26
What is the greatest common factor of 21 and 25851?
21
Calculate the highest common factor of 56575 and 2555.
365
What is the highest common factor of 2826 and 770556?
942
Calculate the greatest common divisor of 6103 and 1054.
17
What is the highest common factor of 1053 and 20088?
81
What is the greatest common divisor of 21042 and 567?
63
What is the greatest common factor of 6462 and 56722?
718
Calculate the highest common factor of 19610 and 9250.
370
Calculate the greatest common divisor of 4640 and 1595.
145
Calculate the highest common factor of 6560 and 8938.
82
What is the highest common divisor of 122343 and 156?
39
Calculate the greatest common divisor of 22407 and 99.
33
What is the highest common divisor of 29 and 126121?
29
What is the highest common factor of 152205 and 105?
15
Calculate the greatest common divisor of 79290 and 2340.
90
What is the highest common divisor of 1968 and 3373808?
656
What is the greatest common factor of 106 and 986012?
106
What is the greatest common factor of 198955 and 15?
5
What is the highest common divisor of 60 and 351336?
12
What is the greatest common factor of 716540 and 320?
20
What is the greatest common divisor of 124117 and 1490?
149
What is the highest common factor of 35 and 6183555?
35
What is the highest common divisor of 2110 and 640?
10
What is the greatest common divisor of 16 and 70736?
16
What is the highest common factor of 561 and 37752?
33
What is the greatest common divisor of 1187395 and 55?
55
Calculate the greatest common divisor of 29 and 170.
1
Calculate the greatest common factor of 1413 and 3429.
9
Calculate the greatest common factor of 1782 and 27918.
594
Calculate the greatest common divisor of 7518 and 1344.
42
What is the highest common divisor of 57209 and 95?
19
What is the highest common factor of 1846225 and 25?
25
Calculate the highest common divisor of 2697 and 55332.
87
Calculate the greatest common factor of 66194 and 115.
23
Calculate the greatest common factor of 214 and 177406.
214
Calculate the highest common factor of 4 and 1932676.
4
Calculate the greatest common factor of 1072 and 32.
16
Calculate the highest common factor of 17080 and 132980.
1220
Calculate the highest common factor of 250560 and 27.
27
Calculate the highest common divisor of 14417 and 29943.
1109
What is the greatest common factor of 1243 and 143?
11
Calculate the highest common divisor of 7 and 38647.
7
Calculate the highest common divisor of 896 and 11456.
64
Calculate the greatest common factor of 1003352 and 152.
152
What is the greatest common divisor of 84 and 148?
4
What is the highest common divisor of 12 and 600354?
6
What is the highest common factor of 106535 and 37895?
715
Calculate the highest common factor of 7769 and 8683.
457
Calculate the greatest common divisor of 179 and 1611.
179
Calculate the highest common divisor of 28 and 354396.
28
Calculate the greatest common divisor of 836340 and 212.
212
Calculate the greatest common divisor of 428 and 499262.
214
Calculate the greatest common factor of 30 and 1951630.
10
What is the highest common factor of 197 and 131202?
197
Calculate the greatest common divisor of 370 and 11174.
74
What is the greatest common divisor of 3339 and 583?
53
What is the greatest common divisor of 116 and 27811?
29
Calculate the highest common divisor of 80797 and 172.
43
Calculate the greatest common factor of 5075 and 17893.
29
What is the greatest common factor of 790 and 1207910?
790
What is the highest common factor of 9233 and 56?
7
Calculate the highest common factor of 59189 and 48633.
377
Calculate the greatest common factor of 3504 and 455666.
146
What is the greatest common factor of 20493 and 7843?
253
Calculate the greatest common divisor of 20938 and 174.
58
Calculate the greatest common divisor of 26793 and 3744.
117
What is the greatest common divisor of 14991 and 133?
19
Calculate the greatest common factor of 40 and 429320.
40
What is the greatest common factor of 170159 and 1829?
31
Calculate the highest common divisor of 32192 and 56.
8
What is the highest common factor of 32454 and 612?
18
What is the highest common divisor of 1120 and 310?
10
Calculate the highest c